{"id":5146,"date":"2023-11-02T14:21:34","date_gmt":"2023-11-02T14:21:34","guid":{"rendered":"https:\/\/sistemidueroma.info\/?page_id=5146"},"modified":"2025-08-12T14:22:13","modified_gmt":"2025-08-12T14:22:13","slug":"profis-azienda_2","status":"publish","type":"page","link":"https:\/\/sistemidueroma.info\/?page_id=5146","title":{"rendered":"PROFIS PER L&#8217;AZIENDA"},"content":{"rendered":"<h2 style=\"font-family: Lato, 'Helvetica Neue', Helvetica, Arial, sans-serif; font-weight: 300; line-height: 1.1; margin-top: 20px; margin-bottom: 10px; font-size: 30px; color: #333333; font-style: normal; text-transform: none;\"><span style=\"color: #993300;\"><strong>LA SOLUZIONE CHE GARANTISCE LA CORRETTA GESTIONE DI TUTTI GLI ADEMPIMENTI RICHIESTI DALLA FISCALIT\u00c0 ITALIANA<\/strong><\/span><\/h2>\n<p>&nbsp;<\/p>\n<p>PROFIS per l\u2019azienda \u00e8 la soluzione software integrata e sempre aggiornata alla normativa vigente che ti permette di gestire tutti gli adempimenti fiscali periodici e le scadenze annuali, inclusa\u00a0la redazione del bilancio d\u2019esercizio\u00a0della tua impresa, con la tranquillit\u00e0 di un software professionale.<\/p>\n<p><a style=\"color: #c20e1a; border-width: 2px; cursor: pointer; display: inline-block; font-size: 1rem; font-weight: bold; margin-top: 25px; padding: 0.3rem 1.3rem; transition: border-color 0.3s ease 0s, background-color 0.3s ease 0s, color 0.3s ease 0s; margin-bottom: 25px; border-color: #c20e1a; background-color: rgba(255, 255, 255, 0.7);\" href=\"https:\/\/www.sistemi.com\/downloads\/PROFIS_AZIENDE-scheda.pdf\" target=\"_blank\" rel=\"noopener\">Scarica la SCHEDA<\/a><\/p>\n<p>&nbsp;<\/p>\n<h3>GESTIONE DEI BILANCI<\/h3>\n<p><strong>Quando hai bisogno di acquisire i tuoi dati contabili per elaborare i bilanci di esercizio e periodici sia in forma ordinaria che in quella abbreviata, PROFIS per l\u2019azienda ti aiuta con le sue funzioni, seguendo lo standard XBRL.<\/strong><\/p>\n<p style=\"margin-right: 0px; margin-bottom: 1.3em; margin-left: 0px; line-height: 25px; font-size: initial;\">Puoi acquisire i dati attraverso file MS Excel o da XBRL e integrarli direttamente dalla gestione del bilancio, senza fare errori e senza sprecare tempo. Con PROFIS\/Bilanci, elabori i bilanci in modo personalizzato e in base alle esigenze della tua impresa. Redigi, gestisci e depositi tutta la documentazione prevista dalla normativa in modo automatico e semplice.<\/p>\n<p><strong>La soluzione per la gestione dei beni in leasing \u00e8 progettata per garantirti la corretta elaborazione dei prospetti secondo il metodo patrimoniale e il metodo finanziario.<\/strong><\/p>\n<p style=\"margin-right: 0px; margin-bottom: 1.3em; margin-left: 0px; line-height: 25px; font-size: initial;\">Per i beni in leasing vengono determinati i ratei\/risconti sui canoni e le eventuali riprese fiscali IRES e IRAP dovute a indeducibilit\u00e0 di beni e interessi. Con semplici strumenti puoi confrontare in modo immediato l\u2019effetto dell\u2019applicazione dei due diversi metodi di calcolo. I dati elaborati sono riportati in modo automatico nel prospetto di bilancio e nella dichiarazione.<\/p>\n<h2><\/h2>\n<p>&nbsp;<\/p>\n<h2 style=\"font-family: Lato, 'Helvetica Neue', Helvetica, Arial, sans-serif; font-weight: 300; line-height: 1.1; margin-top: 20px; margin-bottom: 10px; font-size: 30px; color: #333333; font-style: normal; text-transform: none;\">ANALISI<\/h2>\n<h4><span style=\"text-decoration: underline;\">Crisi d\u2019impresa<\/span><\/h4>\n<p><strong>Con PROFIS puoi elaborare analisi previsionali e individuare tempestivamente gli\u00a0stati di crisi\u00a0d\u2019impresa.<\/strong><\/p>\n<p style=\"margin-right: 0px; margin-bottom: 1.3em; margin-left: 0px; line-height: 25px; text-align: left;\">Tramite l\u2019analisi e il monitoraggio di bilanci previsionali, dei flussi finanziari e di una serie di indicatori puoi valutare la situazione dell\u2019impresa, effettuare una diagnosi precoce dello stato di squilibrio economico-finanziario e mettere in atto le azioni correttive volte\u00a0 a garantire la continuit\u00e0 aziendale.<a style=\"color: #c20e1a; border-width: 2px; cursor: pointer; display: inline-block; font-size: 1rem; font-weight: bold; margin-top: 25px; padding: 0.3rem 1.3rem; transition: border-color 0.3s ease 0s, background-color 0.3s ease 0s, color 0.3s ease 0s; margin-bottom: 25px; border-color: #c20e1a; background-color: rgba(255, 255, 255, 0.7);\" href=\"https:\/\/www.sistemi.com\/ebook-crisi-di-impresa\/\" target=\"_self\" rel=\"noopener\">Scarica l&#8217;eBook &#8220;Crisi di impresa&#8221;<\/a><\/p>\n<h4><span style=\"text-decoration: underline;\">Analisi\u00a0di bilancio e benchmarking<\/span><\/h4>\n<p><strong>Con la soluzione hai a disposizione strumenti semplici e flessibili per eseguire analisi comparative ed elaborare indicatori e margini.<\/strong><\/p>\n<p style=\"margin-right: 0px; margin-bottom: 1.3em; margin-left: 0px; line-height: 25px; text-align: left;\">Puoi generare un fascicolo di analisi completo per fare valutazioni sulla solidit\u00e0 patrimoniale e finanziaria, sulla liquidit\u00e0 e sulla redditivit\u00e0 dell\u2019azienda. Grazie all\u2019integrazione con il servizio di informazioni camerali\u00a0 puoi elaborare in tempo reale\u00a0 analisi del merito creditizio e di benchmarking competitivo.<\/p>\n<p><a style=\"color: #2c2e38; display: block;\" name=\"adempimenti_fiscali\"><\/a><\/p>\n<h2><\/h2>\n<p>&nbsp;<\/p>\n<p>&nbsp;<\/p>\n<h2 style=\"font-family: Lato, 'Helvetica Neue', Helvetica, Arial, sans-serif; font-weight: 300; line-height: 1.1; margin-top: 20px; margin-bottom: 10px; font-size: 30px; color: #333333; font-style: normal; text-transform: none;\">GESTIONE DELLE SCADENZE FISCALI<\/h2>\n<p>PROFIS\/Fiscale \u00e8 la soluzione progettata per garantirti la gestione di tutti i modelli dichiarativi nel pieno rispetto della norma:\u00a0Dichiarazione IVA, Modelli Redditi e IRAP per Societ\u00e0 di Capitali, Enti non commerciali, Societ\u00e0 di Persone, Persone Fisiche, Modello 770, Modello 730 e Gestione Immobili.<\/p>\n<p><img decoding=\"async\" src=\"https:\/\/www.sistemi.com\/downloads\/Adempimenti-fiscali-moduli_1.png\" alt=\"\" width=\"px\" \/><\/p>\n<p style=\"margin-right: 0px; margin-bottom: 1.3em; margin-left: 0px; line-height: 25px;\">La soluzione ti permette inoltre di gestire\u00a0tutti gli adempimenti periodici: le\u00a0liquidazioni IVA\u00a0e tutte le comunicazioni telematiche previste dall\u2019Amministrazione Finanziaria relative alle\u00a0deleghe F24, Comunicazione dati fattura e Comunicazione liquidazione IVA, INTRASTAT, dichiarazioni d\u2019intento, trasmissione delle prestazioni sanitarie e delle spese funebri, Certificazione Unica, Rimborso IVA trimestrale.<\/p>\n<p><strong>Con\u00a0Pianificazione Fiscale\u00a0hai sempre sotto controllo il carico fiscale della tua azienda.<\/strong><\/p>\n<p style=\"margin-right: 0px; margin-bottom: 1.3em; margin-left: 0px; line-height: 25px;\">Direttamente dal bilancio puoi calcolare in via preventiva le imposte ed eseguire in qualsiasi periodo dell\u2019anno delle simulazioni, con riferimento ad un periodo parziale o all\u2019intero esercizio.<br \/>\nI dati possono essere esportati in Excel per elaborare analisi personalizzate e inviati al sistema per generare in automatico i prospetti di fiscalit\u00e0 differita e i quadri della dichiarazione fiscale.<\/p>\n<p><a style=\"color: #2c2e38; display: block;\" name=\"fatturazione_elettronica\"><\/a><\/p>\n<h2><\/h2>\n<p>&nbsp;<\/p>\n<p>&nbsp;<\/p>\n<h2><\/h2>\n<h2 style=\"font-family: Lato, 'Helvetica Neue', Helvetica, Arial, sans-serif; font-weight: 300; line-height: 1.1; margin-top: 20px; margin-bottom: 10px; font-size: 30px; color: #333333; font-style: normal; text-transform: none;\">FATTURAZIONE ELETTRONICA<\/h2>\n<p><img decoding=\"async\" src=\"https:\/\/www.sistemi.com\/downloads\/Grafico-fatturazione-elettronica_1.png\" alt=\"\" width=\"px\" \/><\/p>\n<p><strong>Con PROFIS, trasmetti le\u00a0fatture elettroniche\u00a0verso le\u00a0Pubbliche Amministrazioni\u00a0e\u00a0clienti privati\u00a0in modo sicuro e senza errori.<\/strong><\/p>\n<p style=\"margin-right: 0px; margin-bottom: 1.3em; margin-left: 0px; line-height: 25px;\">Acquisisci le fatture emesse in formato XML ed effettui la trasmissione al\u00a0Sistema di Interscambio. Il software acquisisce in modo automatico i messaggi dallo SDI, cos\u00ec puoi seguire lo stato di avanzamento del processo.<br \/>\nIl software archivia le fatture nella gestione documentale e conservate con la garanzia che tutto il processo sia a norma.<\/p>\n<p><a style=\"color: #2c2e38; display: block;\" name=\"privacy_gdpr\"><\/a><\/p>\n<p>&nbsp;<\/p>\n<p>&nbsp;<\/p>\n<h2 style=\"font-family: Lato, 'Helvetica Neue', Helvetica, Arial, sans-serif; font-weight: 300; line-height: 1.1; margin-top: 20px; margin-bottom: 10px; font-size: 30px; color: #333333; font-style: normal; text-transform: none;\">PRIVACY GDPR<\/h2>\n<p><strong>Privacy\u00a0GDPR\u00a0\u00e8 la soluzione che ti semplifica l\u2019adozione del Regolamento europeo\u00a0in materia di protezione dei dati delle persone fisiche con\u00a0percorsi guidati, modelli di documenti e contenuti specifici.<\/strong><\/p>\n<p style=\"margin-right: 0px; margin-bottom: 1.3em; margin-left: 0px; line-height: 25px;\">Con Privacy GDPR puoi\u00a0censire tutti i soggetti coinvolti nel trattamento dei dati\u00a0e inserire i dati utili alla definizione delle misure di sicurezza adottate.\u00a0Con i modelli standard forniti da Sistemi generi in automatico i registri delle attivit\u00e0 di trattamento\u00a0ed elabori tutta la documentazione prevista: atti di designazione, lettere d\u2019incarico, informative e consensi. La documentazione \u00e8 organizzata in fascicoli che puoi facilmente consultare e conservare in digitale.<\/p>\n<p style=\"margin-right: 0px; margin-bottom: 1.3em; margin-left: 0px; line-height: 25px;\">Supporti guidati ti aiutano nella corretta valutazione dei rischi, secondo i parametri di riservatezza, integrit\u00e0 e disponibilit\u00e0 (RID), mediante l\u2019identificazione delle minacce e degli impatti e la definizione delle contromisure da adottare per abbassare il livello del rischio.<\/p>\n<p><a style=\"color: #2c2e38; display: block;\" name=\"gruppi_societari\"><\/a><\/p>\n<p>&nbsp;<\/p>\n<p>&nbsp;<\/p>\n<h2 style=\"font-family: Lato, 'Helvetica Neue', Helvetica, Arial, sans-serif; font-weight: 300; line-height: 1.1; margin-top: 20px; margin-bottom: 10px; font-size: 30px; color: #333333; font-style: normal; text-transform: none;\">BILANCIO CONSOLIDATO<\/h2>\n<p><strong>Se devi elaborare il\u00a0Bilancio Consolidato\u00a0e sei la societ\u00e0 controllante, tramite la funzione\u00a0Gruppi Societari, puoi fare le liquidazioni, i versamenti e le dichiarazioni IVA.<\/strong><\/p>\n<p style=\"margin-right: 0px; margin-bottom: 1.3em; margin-left: 0px; line-height: 25px;\">Definisci la struttura del gruppo e i rapporti tra le societ\u00e0 per effettuare le operazioni infragruppo di consolidamento, secondo le diverse tipologie previste dall\u2019OIC. Nessun problema se i bilanci sono fatti con valute differenti.<\/p>\n<p style=\"margin-right: 0px; margin-bottom: 1.3em; margin-left: 0px; line-height: 25px;\">Il software deriva in modo automatico la dichiarazione dei redditi delle societ\u00e0 del gruppo e compiler\u00e0 di conseguenza il consolidato fiscale, in modo controllato e senza errori.<\/p>\n<p><img decoding=\"async\" src=\"https:\/\/www.sistemi.com\/downloads\/GRUPPI-SOCIETARI_1.png\" alt=\"\" width=\"px\" \/><a style=\"color: #2c2e38; display: block;\" name=\"gestione_documentale\"><\/a><\/p>\n<h2><\/h2>\n<h2><\/h2>\n<h2><\/h2>\n<p>&nbsp;<\/p>\n<p>&nbsp;<\/p>\n<h2 style=\"font-family: Lato, 'Helvetica Neue', Helvetica, Arial, sans-serif; font-weight: 300; line-height: 1.1; margin-top: 20px; margin-bottom: 10px; font-size: 30px; color: #333333; font-style: normal; text-transform: none;\">ARCHIVIARE E CONSERVARE I DOCUMENTI<\/h2>\n<p><img decoding=\"async\" src=\"https:\/\/www.sistemi.com\/downloads\/Grafico-archivia-conserva-documenti_1.png\" alt=\"\" width=\"px\" \/><\/p>\n<p><strong>Con\u00a0Gestione Documentale\u00a0hai a disposizione un\u00a0sistema di archiviazione efficiente ed integrato.<\/strong><\/p>\n<p style=\"margin-right: 0px; margin-bottom: 1.3em; margin-left: 0px; line-height: 25px;\">I documenti emessi sono archiviati in modo del tutto automatico, mentre i documenti prodotti dal tuo ERP possono essere acquisiti da file system o tramite scanner, anche in modalit\u00e0 massiva mediante codice a barre. Tutti i documenti sono facilmente consultabili e con un clic possono essere inviati tramite email o condivisi in un\u2019area web dedicata.<br \/>\nCon la soluzione puoi inoltre gestire l\u2019intero\u00a0processo di conservazione\u00a0dalla firma dei documenti alla generazione del pacchetto di versamento, con la garanzia del pieno rispetto della normativa.<\/p>\n<p><a style=\"color: #2c2e38; display: block;\" name=\"integrazioni\"><\/a><\/p>\n<h3 style=\"margin-right: 0px; margin-bottom: 25px; margin-left: 0px; font-family: inherit; font-size: 35px; font-weight: 400; letter-spacing: 2.5px; margin-block-start: 1em; text-transform: uppercase;\"><\/h3>\n<p>&nbsp;<\/p>\n<p>&nbsp;<\/p>\n<h2 style=\"font-family: Lato, 'Helvetica Neue', Helvetica, Arial, sans-serif; font-weight: 300; line-height: 1.1; margin-top: 20px; margin-bottom: 10px; font-size: 30px; color: #333333; font-style: normal; text-transform: none;\">LE INTEGRAZIONI<\/h2>\n<p style=\"margin-right: 0px; margin-bottom: 1.3em; margin-left: 0px; line-height: 25px;\">Grazie all\u2019utilizzo di semplici strumenti di integrazione, in formato XLS e XML, PROFIS si interfaccia con qualsiasi piattaforma applicativa.<br \/>\nPoich\u00e9 il processo di acquisizione \u00e8 guidato, svolgi tutte le fasi del lavoro senza sviste.<\/p>\n<p><a href=\"https:\/\/sistemidueroma.info\/?page_id=429\"><br \/>\nContattaci per avere informazioni su PROFIS AZIENDA<br \/>\n<\/a><\/p>\n","protected":false},"excerpt":{"rendered":"<p>LA SOLUZIONE CHE GARANTISCE LA CORRETTA GESTIONE DI TUTTI GLI ADEMPIMENTI RICHIESTI DALLA FISCALIT\u00c0 ITALIANA &nbsp; PROFIS per l\u2019azienda \u00e8 la soluzione software integrata e sempre aggiornata alla normativa vigente che ti permette di gestire tutti gli adempimenti fiscali periodici e le scadenze annuali, inclusa\u00a0la redazione del bilancio d\u2019esercizio\u00a0della tua impresa, con la tranquillit\u00e0 di [&hellip;]<\/p>\n","protected":false},"author":1,"featured_media":0,"parent":0,"menu_order":0,"comment_status":"closed","ping_status":"closed","template":"","meta":{"footnotes":""},"class_list":["post-5146","page","type-page","status-publish","hentry"],"yoast_head":"<!-- This site is optimized with the Yoast SEO plugin v25.6 - https:\/\/yoast.com\/wordpress\/plugins\/seo\/ -->\n<title>PROFIS PER L&#039;AZIENDA - Soluzioni Sistemi Due Roma s.r.l.<\/title>\n<meta name=\"robots\" content=\"index, follow, max-snippet:-1, max-image-preview:large, max-video-preview:-1\" \/>\n<link rel=\"canonical\" href=\"https:\/\/sistemidueroma.info\/?page_id=5146\" \/>\n<meta property=\"og:locale\" content=\"it_IT\" \/>\n<meta property=\"og:type\" content=\"article\" \/>\n<meta property=\"og:title\" content=\"PROFIS PER L&#039;AZIENDA - Soluzioni Sistemi Due Roma s.r.l.\" \/>\n<meta property=\"og:description\" content=\"LA SOLUZIONE CHE GARANTISCE LA CORRETTA GESTIONE DI TUTTI GLI ADEMPIMENTI RICHIESTI DALLA FISCALIT\u00c0 ITALIANA &nbsp; PROFIS per l\u2019azienda \u00e8 la soluzione software integrata e sempre aggiornata alla normativa vigente che ti permette di gestire tutti gli adempimenti fiscali periodici e le scadenze annuali, inclusa\u00a0la redazione del bilancio d\u2019esercizio\u00a0della tua impresa, con la tranquillit\u00e0 di [&hellip;]\" \/>\n<meta property=\"og:url\" content=\"https:\/\/sistemidueroma.info\/?page_id=5146\" \/>\n<meta property=\"og:site_name\" content=\"Soluzioni Sistemi Due Roma s.r.l.\" \/>\n<meta property=\"article:modified_time\" content=\"2025-08-12T14:22:13+00:00\" \/>\n<meta property=\"og:image\" content=\"https:\/\/www.sistemi.com\/downloads\/Adempimenti-fiscali-moduli_1.png\" \/>\n<meta name=\"twitter:card\" content=\"summary_large_image\" \/>\n<meta name=\"twitter:label1\" content=\"Tempo di lettura stimato\" \/>\n\t<meta name=\"twitter:data1\" content=\"7 minuti\" \/>\n<script type=\"application\/ld+json\" class=\"yoast-schema-graph\">{\"@context\":\"https:\/\/schema.org\",\"@graph\":[{\"@type\":\"WebPage\",\"@id\":\"https:\/\/sistemidueroma.info\/?page_id=5146\",\"url\":\"https:\/\/sistemidueroma.info\/?page_id=5146\",\"name\":\"PROFIS PER L'AZIENDA - Soluzioni Sistemi Due Roma s.r.l.\",\"isPartOf\":{\"@id\":\"https:\/\/sistemidueroma.info\/#website\"},\"primaryImageOfPage\":{\"@id\":\"https:\/\/sistemidueroma.info\/?page_id=5146#primaryimage\"},\"image\":{\"@id\":\"https:\/\/sistemidueroma.info\/?page_id=5146#primaryimage\"},\"thumbnailUrl\":\"https:\/\/www.sistemi.com\/downloads\/Adempimenti-fiscali-moduli_1.png\",\"datePublished\":\"2023-11-02T14:21:34+00:00\",\"dateModified\":\"2025-08-12T14:22:13+00:00\",\"breadcrumb\":{\"@id\":\"https:\/\/sistemidueroma.info\/?page_id=5146#breadcrumb\"},\"inLanguage\":\"it-IT\",\"potentialAction\":[{\"@type\":\"ReadAction\",\"target\":[\"https:\/\/sistemidueroma.info\/?page_id=5146\"]}]},{\"@type\":\"ImageObject\",\"inLanguage\":\"it-IT\",\"@id\":\"https:\/\/sistemidueroma.info\/?page_id=5146#primaryimage\",\"url\":\"https:\/\/www.sistemi.com\/downloads\/Adempimenti-fiscali-moduli_1.png\",\"contentUrl\":\"https:\/\/www.sistemi.com\/downloads\/Adempimenti-fiscali-moduli_1.png\"},{\"@type\":\"BreadcrumbList\",\"@id\":\"https:\/\/sistemidueroma.info\/?page_id=5146#breadcrumb\",\"itemListElement\":[{\"@type\":\"ListItem\",\"position\":1,\"name\":\"Home\",\"item\":\"https:\/\/sistemidueroma.info\/\"},{\"@type\":\"ListItem\",\"position\":2,\"name\":\"PROFIS PER L&#8217;AZIENDA\"}]},{\"@type\":\"WebSite\",\"@id\":\"https:\/\/sistemidueroma.info\/#website\",\"url\":\"https:\/\/sistemidueroma.info\/\",\"name\":\"Soluzioni Sistemi Due Roma s.r.l.\",\"description\":\"\",\"publisher\":{\"@id\":\"https:\/\/sistemidueroma.info\/#organization\"},\"potentialAction\":[{\"@type\":\"SearchAction\",\"target\":{\"@type\":\"EntryPoint\",\"urlTemplate\":\"https:\/\/sistemidueroma.info\/?s={search_term_string}\"},\"query-input\":{\"@type\":\"PropertyValueSpecification\",\"valueRequired\":true,\"valueName\":\"search_term_string\"}}],\"inLanguage\":\"it-IT\"},{\"@type\":\"Organization\",\"@id\":\"https:\/\/sistemidueroma.info\/#organization\",\"name\":\"Soluzioni Sistemi Due Roma s.r.l.\",\"url\":\"https:\/\/sistemidueroma.info\/\",\"logo\":{\"@type\":\"ImageObject\",\"inLanguage\":\"it-IT\",\"@id\":\"https:\/\/sistemidueroma.info\/#\/schema\/logo\/image\/\",\"url\":\"https:\/\/sistemidueroma.info\/wp-content\/uploads\/2025\/01\/Logo-Sistemi-Due-Roma-rgb.jpg\",\"contentUrl\":\"https:\/\/sistemidueroma.info\/wp-content\/uploads\/2025\/01\/Logo-Sistemi-Due-Roma-rgb.jpg\",\"width\":1920,\"height\":1100,\"caption\":\"Soluzioni Sistemi Due Roma s.r.l.\"},\"image\":{\"@id\":\"https:\/\/sistemidueroma.info\/#\/schema\/logo\/image\/\"}}]}<\/script>\n<!-- \/ Yoast SEO plugin. -->","yoast_head_json":{"title":"PROFIS PER L'AZIENDA - Soluzioni Sistemi Due Roma s.r.l.","robots":{"index":"index","follow":"follow","max-snippet":"max-snippet:-1","max-image-preview":"max-image-preview:large","max-video-preview":"max-video-preview:-1"},"canonical":"https:\/\/sistemidueroma.info\/?page_id=5146","og_locale":"it_IT","og_type":"article","og_title":"PROFIS PER L'AZIENDA - Soluzioni Sistemi Due Roma s.r.l.","og_description":"LA SOLUZIONE CHE GARANTISCE LA CORRETTA GESTIONE DI TUTTI GLI ADEMPIMENTI RICHIESTI DALLA FISCALIT\u00c0 ITALIANA &nbsp; PROFIS per l\u2019azienda \u00e8 la soluzione software integrata e sempre aggiornata alla normativa vigente che ti permette di gestire tutti gli adempimenti fiscali periodici e le scadenze annuali, inclusa\u00a0la redazione del bilancio d\u2019esercizio\u00a0della tua impresa, con la tranquillit\u00e0 di [&hellip;]","og_url":"https:\/\/sistemidueroma.info\/?page_id=5146","og_site_name":"Soluzioni Sistemi Due Roma s.r.l.","article_modified_time":"2025-08-12T14:22:13+00:00","og_image":[{"url":"https:\/\/www.sistemi.com\/downloads\/Adempimenti-fiscali-moduli_1.png","type":"","width":"","height":""}],"twitter_card":"summary_large_image","twitter_misc":{"Tempo di lettura stimato":"7 minuti"},"schema":{"@context":"https:\/\/schema.org","@graph":[{"@type":"WebPage","@id":"https:\/\/sistemidueroma.info\/?page_id=5146","url":"https:\/\/sistemidueroma.info\/?page_id=5146","name":"PROFIS PER L'AZIENDA - Soluzioni Sistemi Due Roma s.r.l.","isPartOf":{"@id":"https:\/\/sistemidueroma.info\/#website"},"primaryImageOfPage":{"@id":"https:\/\/sistemidueroma.info\/?page_id=5146#primaryimage"},"image":{"@id":"https:\/\/sistemidueroma.info\/?page_id=5146#primaryimage"},"thumbnailUrl":"https:\/\/www.sistemi.com\/downloads\/Adempimenti-fiscali-moduli_1.png","datePublished":"2023-11-02T14:21:34+00:00","dateModified":"2025-08-12T14:22:13+00:00","breadcrumb":{"@id":"https:\/\/sistemidueroma.info\/?page_id=5146#breadcrumb"},"inLanguage":"it-IT","potentialAction":[{"@type":"ReadAction","target":["https:\/\/sistemidueroma.info\/?page_id=5146"]}]},{"@type":"ImageObject","inLanguage":"it-IT","@id":"https:\/\/sistemidueroma.info\/?page_id=5146#primaryimage","url":"https:\/\/www.sistemi.com\/downloads\/Adempimenti-fiscali-moduli_1.png","contentUrl":"https:\/\/www.sistemi.com\/downloads\/Adempimenti-fiscali-moduli_1.png"},{"@type":"BreadcrumbList","@id":"https:\/\/sistemidueroma.info\/?page_id=5146#breadcrumb","itemListElement":[{"@type":"ListItem","position":1,"name":"Home","item":"https:\/\/sistemidueroma.info\/"},{"@type":"ListItem","position":2,"name":"PROFIS PER L&#8217;AZIENDA"}]},{"@type":"WebSite","@id":"https:\/\/sistemidueroma.info\/#website","url":"https:\/\/sistemidueroma.info\/","name":"Soluzioni Sistemi Due Roma s.r.l.","description":"","publisher":{"@id":"https:\/\/sistemidueroma.info\/#organization"},"potentialAction":[{"@type":"SearchAction","target":{"@type":"EntryPoint","urlTemplate":"https:\/\/sistemidueroma.info\/?s={search_term_string}"},"query-input":{"@type":"PropertyValueSpecification","valueRequired":true,"valueName":"search_term_string"}}],"inLanguage":"it-IT"},{"@type":"Organization","@id":"https:\/\/sistemidueroma.info\/#organization","name":"Soluzioni Sistemi Due Roma s.r.l.","url":"https:\/\/sistemidueroma.info\/","logo":{"@type":"ImageObject","inLanguage":"it-IT","@id":"https:\/\/sistemidueroma.info\/#\/schema\/logo\/image\/","url":"https:\/\/sistemidueroma.info\/wp-content\/uploads\/2025\/01\/Logo-Sistemi-Due-Roma-rgb.jpg","contentUrl":"https:\/\/sistemidueroma.info\/wp-content\/uploads\/2025\/01\/Logo-Sistemi-Due-Roma-rgb.jpg","width":1920,"height":1100,"caption":"Soluzioni Sistemi Due Roma s.r.l."},"image":{"@id":"https:\/\/sistemidueroma.info\/#\/schema\/logo\/image\/"}}]}},"_links":{"self":[{"href":"https:\/\/sistemidueroma.info\/index.php?rest_route=\/wp\/v2\/pages\/5146","targetHints":{"allow":["GET"]}}],"collection":[{"href":"https:\/\/sistemidueroma.info\/index.php?rest_route=\/wp\/v2\/pages"}],"about":[{"href":"https:\/\/sistemidueroma.info\/index.php?rest_route=\/wp\/v2\/types\/page"}],"author":[{"embeddable":true,"href":"https:\/\/sistemidueroma.info\/index.php?rest_route=\/wp\/v2\/users\/1"}],"replies":[{"embeddable":true,"href":"https:\/\/sistemidueroma.info\/index.php?rest_route=%2Fwp%2Fv2%2Fcomments&post=5146"}],"version-history":[{"count":19,"href":"https:\/\/sistemidueroma.info\/index.php?rest_route=\/wp\/v2\/pages\/5146\/revisions"}],"predecessor-version":[{"id":5956,"href":"https:\/\/sistemidueroma.info\/index.php?rest_route=\/wp\/v2\/pages\/5146\/revisions\/5956"}],"wp:attachment":[{"href":"https:\/\/sistemidueroma.info\/index.php?rest_route=%2Fwp%2Fv2%2Fmedia&parent=5146"}],"curies":[{"name":"wp","href":"https:\/\/api.w.org\/{rel}","templated":true}]}}